2, 7
Let n = 41 - 47. Let w(q) = 7*q**2 + 6*q - 17. List the prime factors of w(n).
199
Let a(z) = 1467*z + 194. List the prime factors of a(8).
2, 5, 1193
Suppose v + 82 = -2*h, -4*v - 99 = -4*h + 253. Let a = v - -83. List the prime factors of 106/(-6)*(a - (-9)/(-3)).
2, 53
Suppose -3*t - 3*k = 234, -4*t + 3*k = 4*k + 306. Let l = t + 80. Suppose 3*u - l = 188. List the prime factors of u.
2
List the prime factors of (-9)/(19/((-9177)/9)).
3, 7, 23
Suppose -983*r + 754*r + 18210080 = 0. What are the prime factors of r?
2, 5, 7, 71
Suppose 3*f - 15 = 108. Let o(d) = 25 + 24 + f + 7*d + 13. List the prime factors of o(0).
103
Let i = 240 + -261. List the prime factors of ((-6)/i)/((-8)/(-28))*161.
7, 23
Let w(d) = 2*d + 36. Let h be w(-17). Suppose o - 131 = 5*z, -397 = -h*o + z - 126. Suppose 39*q - o = 37*q. What are the prime factors of q?
2, 17
Suppose -7*c - 4 = -9*c. Suppose 3984 = 5*t - 4*b, -2*b = c*t + t - 2408. What are the prime factors of t?
2, 5
Suppose 3*h + 0*h = 29252 + 2413. What are the prime factors of h?
5, 2111
Suppose -49*n - 1754779 + 1211064 = -4476994. What are the prime factors of n?
3, 991
Let a(n) = 2*n**2 - 9*n - 5*n + 3 + 1 - n**2. Let w be a(-6). Suppose 8 = -2*h, 4*d + 4*h = 6*d - w. List the prime factors of d.
2, 3
Let q = 20851 + -13543. List the prime factors of q.
2, 3, 7, 29
Suppose -31141 - 66651 = -24*u + 89360. What are the prime factors of u?
2, 7, 557
Suppose 10*w - 90650 - 960 = 0. What are the prime factors of w?
9161
Suppose 0 = -2*t - 5*d + 36, 11 = -5*d - 9. Suppose -5*y = -8 + t. List the prime factors of y/60*-1761 + (-6)/(-10).
2, 59
Let h be 64/96 + (-3)/((-18)/9344). Suppose 3*l - 5*l = -1834. Suppose h + l = 11*s. What are the prime factors of s?
3, 5
Suppose -120*i = -45*i - 31575. List the prime factors of i.
421
Suppose -14*t - 5 = -19*t. Let w(p) = 3*p**2 - 2*p + 1. Let u be w(t). List the prime factors of u/11 - 1665/(-99).
17
Suppose 18 - 4 = 2*s. Suppose 2*j - s = 3. Suppose -j*d + 220 + 18 = 3*i, 5*i - 5 = 0. List the prime factors of d.
47
Suppose 8*c + 5*j = 7*c + 638, -1886 = -3*c - j. Let z = c + -375. What are the prime factors of z?
11, 23
Let w(z) = 24*z + 2. Let j be w(2). Let p = j - 37. Suppose 12*q + 33 = p*q. List the prime factors of q.
3, 11
Let j = 77 + -66. Suppose -j*w = 61 + 115. Let x(f) = f**2 + 13*f. What are the prime factors of x(w)?
2, 3
Let w = 4671 + -4664. Let s(t) = t**2 - 5*t + 5. Let c be s(5). Suppose -c*v - 262 = -w*v. List the prime factors of v.
131
Suppose -166*w + 4010629 = 42*w - 807483. List the prime factors of w.
2, 5791
Let h = -32 + 29. Let v be -2 + -25 - h - -3. Let p = 25 + v. What are the prime factors of p?
2
Let a be 6*4/(-6) + -5. Let t(c) = -6*c + 16. List the prime factors of t(a).
2, 5, 7
Let c(s) = 958*s**2 + 27*s - 75. What are the prime factors of c(3)?
2, 3, 719
Let f be 112 + ((-4)/(-10))/((-3)/(-15)). Let w = f - -296. What are the prime factors of w?
2, 5, 41
Suppose 127*u - 63*u - 408320 = 0. List the prime factors of u.
2, 5, 11, 29
Suppose 636 = l - 2*c, -5*l + 6*l + 3*c = 631. Suppose 4*b + l = 2294. List the prime factors of b.
5, 83
Suppose -c = 4*w + 145, 2*c - 2 = -4. Let k(f) = -f**2 - 43*f + 174. What are the prime factors of k(w)?
2, 3, 71
Let g(v) = -10*v - v + 3*v + 5 - 6*v. Let n(y) = y - 1. Let a(i) = 2*g(i) + 6*n(i). What are the prime factors of a(-1)?
2, 13
Suppose 0 = -4*b + 24, -3*b - 58480 = 36*x - 37*x. What are the prime factors of x?
2, 11, 2659
Suppose 2*i - 4*k + 3 = i, 0 = 5*i - 2*k - 3. Let c be i/(3/3750*-2). List the prime factors of ((-1)/2)/1 + c/(-10).
2, 31
Let y(b) = 9*b - 47. Let o(z) = 5*z + 6. Let j be o(0). Let u be y(j). Suppose -u*x + 135 = -2*x. What are the prime factors of x?
3
Let r(p) = 199*p**3 + 26*p - 49. Let q = 234 - 232. List the prime factors of r(q).
5, 11, 29
Suppose 4*o = -c - 13, -5*o - 19 = 4*c - 0*o. Let p be ((-14)/3)/(c + 10/6). Let s(x) = -x**3 - 5*x**2 - 3*x - 3. List the prime factors of s(p).
2, 29
Let k(s) = 752*s + 5213. What are the prime factors of k(38)?
3, 7, 1609
Let v be (0/(-5))/(-3 - -6 - 1). Suppose 3*z + j + j - 3 = v, 12 = 5*z + j. Suppose 4*m + 0*l - z*l - 562 = 0, -3*l = -6. List the prime factors of m.
2, 71
List the prime factors of ((-5)/(-3))/((-210)/(-1047942)).
8317
Let i = -312 - -335. Suppose 0 = -5*v - 24*s + i*s + 2140, -5*s = -3*v + 1256. List the prime factors of v.
7, 61
List the prime factors of ((-6)/(-4) - (-2)/(-4))*(-565611)/(-57).
9923
Let a be 8/4*(-2)/(4 - 0). List the prime factors of (-4 - a/(-1) - -217) + -1.
211
Let y(t) = -2*t**3 + 14*t**2 + 18*t - 11. Let p be y(8). Suppose -4*d + o = 121 - 329, -p*o = 2*d - 126. List the prime factors of d.
53
Suppose -9*d + 19*d - 40 = 0. Suppose 1004 = 2*t + 4*s, -5*t + d*s + 2522 = 8*s. List the prime factors of t.
2, 11, 23
Suppose -5*v = 3*x - 1, -4*x - 2 = -6*x - 2*v. Suppose -w + x*w = -4*t + 688, 0 = -4*w - 2*t + 2766. What are the prime factors of w?
2, 173
What are the prime factors of ((-932506)/469)/(2/(-7))?
6959
Suppose 2*t = -0*t - 5*m + 15, t = -3*m + 7. Let x be (-29232)/(-35) - 2/t. What are the prime factors of 2/13 - x/(-65)?
13
Let r(h) = 9*h**2 - 20*h + 695. What are the prime factors of r(28)?
3, 17, 47
Let y(b) = -21*b**2 - 699*b - 92. What are the prime factors of y(-24)?
2, 31, 37
Let p(k) = k**2 + 7*k + 16. Let v be p(-6). Let t be (v - 4)/((-3)/(-2)). Suppose s - 3*b - 55 = 0, 0 = t*b + 4 - 12. List the prime factors of s.
61
Let s(q) = 6*q**2 - 20*q + 46. Let p be s(17). Suppose 4*o + 3*i - 1152 = 0, 4*i = -5*o + 2*i + p. What are the prime factors of o?
2, 3
Let y(d) be the second derivative of 13*d**4/6 - 5*d**3/6 - 5*d**2 + 2*d + 25. List the prime factors of y(-2).
2, 13
Suppose 12*x = 18*x - 96. Suppose -m = -2*y + 3*m + x, 0 = 5*y - 3*m - 19. Suppose y*b + 2*b - 972 = 0. What are the prime factors of b?
3
Let z = -19643 - -45455. Suppose 16*j = 34*j - z. What are the prime factors of j?
2, 3, 239
Let k be (-3074)/(-3) - 11/((-66)/8). Let p = 1436 - k. List the prime factors of p.
2, 5, 41
Let y = 0 + -55. Let q = -53 - y. Suppose 0 = c + 2*r - 104, 0 = -q*c - c + 4*r + 342. List the prime factors of c.
2, 5, 11
Let b = -41 - -46. Let u = -207 - -212. Suppose -u*i - 248 = -2*a, b*a - i = a + 532. List the prime factors of a.
2, 67
Suppose -48*w + 649843 = 101*w - 2315853. List the prime factors of w.
2, 311
Suppose -68*b + 1351125 + 855067 = 0. List the prime factors of b.
2, 8111
Let h(a) = 572*a**2 - 295*a - 1764. List the prime factors of h(-6).
2, 3, 3433
Suppose -61495 = -23*d + 31517. What are the prime factors of d?
2, 3, 337
Let u(z) = 11*z - 8. Let g(a) = -7*a + 5. Let n(r) = 8*g(r) + 5*u(r). Let l be (5 - 1)*8/(-15 - 1). List the prime factors of n(l).
2
Let r(p) = 22*p**2 + 37 - 9*p**2 - 2*p**3 + 36*p**2 + 2*p + 61. What are the prime factors of r(24)?
2, 19
What are the prime factors of (5205/(-40) + 11)*-8?
953
Suppose 0 = 5*b + 3 + 72. List the prime factors of (12/b)/((-10)/3425).
2, 137
Let k = 8052 - 1753. List the prime factors of k.
6299
Let d(w) = -2*w**3 - 6*w**2 + 82*w + 983. What are the prime factors of d(-13)?
3, 7, 157
Let g(i) = 5*i**2 + 18*i - 5. Let h(x) = -6*x**2 - 18*x + 5. Let p(v) = 3*g(v) + 2*h(v). List the prime factors of p(-16).
5, 19
Let u = 4539 + 4711. List the prime factors of u.
2, 5, 37
Let c = 33 - 43. Let b(w) = -18*w + 3. What are the prime factors of b(c)?
3, 61
Suppose 5*x = 3*v - 56426, 4*v + 7*x - 75212 = 8*x. What are the prime factors of v?
2, 7, 17, 79
Suppose -12*c - 8*c + 120 = 0. Suppose c*a - a - 163 = 4*r, -2*a = -r - 67. What are the prime factors of a?
5, 7
Suppose -1637 - 1583 = -4*c. Let t = c - 384. What are the prime factors of t?
421
Let i(h) = -5*h**3 - h**2 - 3*h - 2. Let g be i(-1). Suppose 0 = -g*j - 1345 + 3760. What are the prime factors of j?
3, 7, 23
Let b(a) = -a**2 - 14*a - 5. Suppose 0 = -2*y - 2 - 14. Let j be (-3 - (-4 + -1)) + y. What are the prime factors of b(j)?
43
Let u = 11226 - -12838. List the prime factors of u.
2, 47
Let g(a) = -390*a - 32. What are the prime factors of g(-3)?
2, 569
Suppose 105055 = -57*r + 2*r + 647300. What are the prime factors of r?
9859
Let h = -346 - -20. Let b = h - -538. What are the prime factors of b?
2, 53
What are the prime factor